Let p(x) = -1. Let u(h) = -p(h) - v(h). Determine u(1).
9
Let a(p) = -p**3 + p**2 + p + 9. Let t = -9 - -2. Let w = 7 + t. Determine a(w).
9
Let f be 2/(-15) - 2/(-15). Let q(o) be the first derivative of o**3/3 - 6*o + 1. Determine q(f).
-6
Suppose -5*u = 2*w - 9, -2*w - 18 = -2*u - 2*u. Let z(y) = -y**2 - 5*y - 4. Let c(d) = -2*d + 0*d + 2*d + d. Let f(p) = -2*c(p) - z(p). Determine f(w).
4
Let n(w) = -11*w**2 + w. Let r = -46 - -47. What is n(r)?
-10
Let i(k) = 3*k**2 + 17*k - 5. Let y be i(-6). Let j(h) = -5*h**2 + h - 1. Calculate j(y).
-5
Let l(g) = -g**3 - g**2 + g + 2. Let v be l(0). Suppose 5*i = 6 - 26, -2*s - 2*i - 6 = 0. Let h(a) = s - 4*a + a - 2 + 2*a. Determine h(v).
-3
Let f(v) = -2 + 0*v**2 + v**2 + 8 - 7*v. Suppose 0*l + 5*k + 7 = 3*l, -l + 1 = -3*k. Suppose p - 2*t = -6, -l*p = -3*t + 6*t - 31. What is f(p)?
-6
Let m(a) = -4*a**3 + 6*a**2 - 5*a - 3. Let t be 6/27 + (-87)/27. Let r(s) = 3*s**3 - 6*s**2 + 5*s + 4. Let v(l) = t*r(l) - 2*m(l). What is v(5)?
-6
Let q(a) = -1 + 6*a + 0*a + 6*a + 4*a. What is q(1)?
15
Let g(k) be the second derivative of 3*k**3/2 - k**2/2 + 6*k. What is g(-1)?
-10
Let i(d) = 0*d + d + d**2 + 4*d + 0*d. Determine i(-5).
0
Let f(n) = -n**2 + 4*n + 9. Let q = -4 + 11. Give f(q).
-12
Suppose -11 = 3*j - 2*n, -1 = 2*j - n + 5. Let g(c) = 14*c**3 + 2*c**2 + 2*c + 1. Determine g(j).
-13
Let j(r) = -2*r - 6. Suppose 4*x + 4*h = 24, 2*x - 5*h - 6 = -h. Suppose 0 = c, 4*c - x = t - c. Give j(t).
4
Let w(q) = -2*q - 1. Let b(d) = -d**3 + 14*d**2 + 16*d - 14. Let z be b(15). Determine w(z).
-3
Let g(i) = -i**2 + 5*i - 2. Let t be g(3). Let n(l) = -1. Let f(y) = y + 5. Let v(z) = f(z) + 3*n(z). Calculate v(t).
6
Let h = -46 - -47. Let c(i) = -10*i. Give c(h).
-10
Let w be -1 + 2 - (-2 + 4). Let i(f) = -8*f - 1. Calculate i(w).
7
Let p(l) be the third derivative of 13*l**8/20160 + l**7/5040 - l**5/30 - l**2. Let i(n) be the third derivative of p(n). Give i(-1).
12
Let g(s) be the third derivative of 1/24*s**4 + 1/3*s**3 + 0 - 4*s**2 + 0*s. Give g(6).
8
Let o be ((-1 - -1)/2)/(-2). Let l(k) = o*k - 2 + 3*k - 4*k - 3*k. Calculate l(-2).
6
Let f(w) = -2*w - 4. Let i(a) be the third derivative of a**5/60 + a**4/24 - a**3/2 - a**2. Let n be i(-3). Give f(n).
-10
Let q(o) be the third derivative of o**6/120 - o**5/10 + 5*o**4/24 - o**3/3 + 4*o**2. Determine q(4).
-14
Let c(f) = f**3 + 6*f**2 - 5*f + 8. Let q be c(-7). Let b(k) = 3*k. Calculate b(q).
-18
Suppose 105*z + 12 = 99*z. Let l(r) = -r**3 - r**2 - r - 1. Let k(y) = -5*y**3 - 6*y**2 - 4*y - 1. Let o(q) = -k(q) + 3*l(q). Determine o(z).
-8
Let w(a) = 21*a + 1. Let y(f) = 10*f + 1. Let n(u) = -2*w(u) + 5*y(u). Let x be 16/4*1/(-2). Determine n(x).
-13
Let v = -41 + 45. Let r(h) = -h - 1. Give r(v).
-5
Let x(y) be the third derivative of y**5/60 + y**4/12 - y**3/3 + y**2. Let s = -64 + 66. What is x(s)?
6
Suppose -28*v = 13 - 41. Let u(s) = -2*s + 1 + 0*s + 4*s. Determine u(v).
3
Let c(n) = n**3 - 9*n**2 + 9*n. Suppose 10*z = 49 + 31. What is c(z)?
8
Let l(h) = 5 - 8*h - 3 + 7*h. Suppose 11 - 6 = k. Determine l(k).
-3
Let q(x) = x**3 - 6*x**2 + 5*x - 1. Let p = -19 - -24. Calculate q(p).
-1
Let v be (-12)/(-8) + 9/(-2). Let z = -2 + v. Let h(q) = q**3 + 5*q**2 + 2*q + 4. Determine h(z).
-6
Let h(a) be the second derivative of -a**4/12 + a**3 + a**2 - 13*a. Give h(7).
-5
Let y(m) = -m**3 + 6*m**2 - 2*m. Suppose -3*a + 19 = -u - 8*a, 3*a = 5*u - 45. Calculate y(u).
-12
Let c(f) = 7*f - 1. Let w(p) = -p - 4. Let l be w(-3). Let d = l - 0. Determine c(d).
-8
Let g(m) = m**3 + 5*m**2 - 6*m - 7. Suppose 5*c + 11 = 2*p - 19, 5*c + 30 = -4*p. Determine g(c).
-7
Let s(i) = -3*i - 2. Let l(k) = -6*k - 2*k - 2*k**2 + 5 + k**2. Let v be l(-9). Let n = v + 2. What is s(n)?
4
Let k(l) = 5*l. Let i(q) = -7*q + 0*q + 3*q - 2*q. Let g(j) = 6*i(j) + 7*k(j). Give g(1).
-1
Suppose -4 = 5*l - 4*p - 23, 3 = -3*p. Suppose -2*h = -l*h. Let f(n) = n + h + 3 - 6. Determine f(0).
-3
Let x(v) = -v. Let p(y) = 1. Let f(u) = p(u) + x(u). Calculate f(-4).
5
Let w(c) be the third derivative of c**5/60 - c**4/8 + 5*c**2. What is w(4)?
4
Let r(j) = -13*j - 6. Let h(a) = -7*a - 4. Let c(o) = 5*h(o) - 3*r(o). Calculate c(4).
14
Let d(m) = -m**3 - 4*m**2 + 4*m - 3. Let u be d(-5). Suppose 0 = u*r - r - 5. Let p(j) = 2*j - 1. What is p(r)?
9
Let y(f) = -5*f + 5. Let o(h) = 1. Let k(t) = -6*o(t) + y(t). Calculate k(1).
-6
Suppose -3*r - 5 = -20. Suppose 0 = 3*k + r*i + 11, 0 = k - 4*i + 4 - 23. Suppose 2*c + k*x - 7 + 22 = 0, -5*c - 2*x = 10. Let j(t) = -t**2 - 9. Calculate j(c).
-9
Let b(x) = 8*x**3 + 3*x**2 - 1. Let y(l) = -l**3 - l**2. Let q(i) = b(i) + y(i). Give q(1).
8
Let j be 1*-1 - (3 + -3 - 2). Let b(z) = -9*z. Give b(j).
-9
Let h(u) = -3*u**3 + 2*u**2 - 1. Suppose b + 3*b = 8. Let l be (4/(-5) - 0)*-5. Suppose p + b = -5*q, 3 + 2 = l*q + 3*p. Calculate h(q).
4
Let p(n) = -n + 6. Let m be p(8). Let t be m/(-4) - (-20)/(-8). Let q(y) = -2*y**3 - 2*y**2 + y - 1. Determine q(t).
5
Let w(x) be the first derivative of 0*x**2 + 2 - 1/120*x**5 + 2/3*x**3 + 0*x + 7/24*x**4. Let l(r) be the third derivative of w(r). Determine l(5).
2
Let t = 12 - 5. Suppose -5*p + 26 = s, -3*p + 25 = 2*s - 20. Let l be (-2)/t - (-90)/s. Let r(q) = q + 3. Give r(l).
7
Let s(u) = -7 - 36*u + u**2 + 73*u - 43*u. Give s(5).
-12
Let c(y) = -y**3 - 3*y**2 + 5*y - 6. Suppose 0 = 5*x + 25 - 0. Calculate c(x).
19
Let a(k) = k**3 - 3*k**2 - k. Suppose 1 + 6 = z. Let w = z - 4. Give a(w).
-3
Suppose 0 = -3*y - 2*y + 10. Let h(g) be the first derivative of g**4/4 - g**3/3 - g**2 + 2*g - 1. Give h(y).
2
Let y(u) = -u**2 + 0*u - u**3 + 0*u - 120 + 124. Calculate y(0).
4
Let m(k) = -k + 1. Suppose -2*l = -2*o - 2, 5*l - 4*l = 3*o - 5. Suppose 0 = -l*r - 0 + 8. Calculate m(r).
-1
Let h(r) = -11*r + 20. Let s = -4 - -11. Let l(q) = 0*q + 4*q + 0 - s. Let f(j) = -6*h(j) - 17*l(j). Give f(-2).
3
Let l(d) = 0*d + 3*d - 1 - d - 4*d - d**2. Determine l(-4).
-9
Suppose -3 = 2*z + 13. Let g be (-7)/(-28) + (-30)/z. Let v(q) = -q - 3. What is v(g)?
-7
Let v(k) = 10*k**2 - k - 25. Let y(s) = 3*s**2 - 8. Let l(u) = -2*v(u) + 7*y(u). What is l(-5)?
9
Let d(h) = -h - 6 + 5 + 3*h - 7*h**2. Determine d(1).
-6
Let c be 5 + -2 + (-12)/(-6). Suppose f - c*f + 12 = 0. Let w(z) = 1 - 2*z**2 + z**3 + z**f - 8*z**3. Determine w(-1).
5
Let q(m) be the first derivative of 1/2*m**2 - 4*m + 3. Calculate q(0).
-4
Let a(d) = d + 7. Let x be a(-5). Let u(q) = 3*q**2 - 2*q + x - 4*q**2 - 6. Suppose 4*g + 4*c + 24 = 0, g + 0*g = -4*c - 15. Determine u(g).
-7
Let r(w) = 2*w - 2. Suppose -9 = -2*x + g, 4*g + 21 + 0 = 3*x. Determine r(x).
4
Let h(r) = -5 - r**2 - 1 + 3*r - 1 + 6. Give h(2).
1
Suppose 3*m = 3*j - 6, 2*m - 14 = -m - 2*j. Let p(g) = -g**2 - 2*g - 1 + m*g + 2*g - 5*g. Give p(-2).
1
Suppose 0 = -c + 3*c. Let i(x) be the first derivative of -x**3/3 + x**2/2 + 4*x - 1. Determine i(c).
4
Let j(z) be the second derivative of 3*z**5/10 + z**3/6 + z. Suppose 3*l - 4*c - 23 = 0, -3*c + 4*c = 3*l - 8. Suppose -2*m + 1 + l = 0. What is j(m)?
7
Let b(s) = 4*s - 1. Let i be (-8 + 6)/(0 + 2 + 0). Give b(i).
-5
Suppose -41 - 19 = -5*i. Suppose 32 = -5*t + i. Let j(f) = 5*f**2 - 2 + f**2 - 4*f**2 + 4*f - f**2. Determine j(t).
-2
Let n(c) = -2 + c**2 + 7 - 4 + 3. Let g(q) = q**2 + 4. Let b(i) = -2*g(i) + 3*n(i). Determine b(0).
4
Let t(y) = y**3 + 5*y**2 + 2*y + 3. Suppose 0 = 2*x + m + 12, 4*x = -0*x - 5*m - 36. Determine t(x).
11
Let s(o) = o - 3. Let a be s(5). Let w(d) = -2*d - 3*d**2 - 3*d**2 - 6*d**a. Let q(x) = x**2 + x. Let r(g) = -3*q(g) - w(g). Determine r(1).
8
Let b(y) = -y**2 + 8*y - 5. Let f be b(8). Let r(p) = -4*p + 4. Let z(k) = 3*k - 3. Let s = 11 - 18. Let l(a) = f*r(a) + s*z(a). What is l(2)?
-1
Let i(u) = -u + 2. Let b(v) = -6*v - 1. Let s be b(-1). Suppose 10 = 4*m - j, s*m + 2*j = 9 - 3. Let k = 4 - m. Determine i(k).
0
Let j(d) = 2*d**3 + 2*d**2 + d - 5. Let k(x) = 3*x**3 + 2*x**2 + x - 6. Let v(a) = -4*j(a) + 3*k(a). Suppose l + 5 + 0 = 3*s, 5*s - 2*l = 8. What is v(s)?
0
Let o be ((-26)/(-28) + 18/(-42))*-2. Let h(z) = -19*z + 1. Calculate h(o).
20
Let o(d) = -2*d + 4. Suppose -2*l + 4 = -2*n, 0 = -4*l - 2*n - 3*n - 1. Let y(t) = 1. Let u(x) = l*o(x) - 5*y(x). What is u(3)?
-7
Let g = 1130 + -1128. Let u(w) = 5 - 3*w**2 + 2*w**2 - 4. Calcu